{"id":21,"date":"2013-03-21T22:48:30","date_gmt":"2013-03-21T20:48:30","guid":{"rendered":"http:\/\/www.borg-gs.at\/AbsolventWP\/?page_id=21"},"modified":"2025-04-07T11:03:36","modified_gmt":"2025-04-07T09:03:36","slug":"der-vorstand","status":"publish","type":"page","link":"https:\/\/www.borg-gs.at\/Absolvent\/der-vorstand\/","title":{"rendered":"Der Vorstand &#8211; 2025"},"content":{"rendered":"\n<p>&nbsp;<\/p>\n\n\n\n<p><strong>Obmann:<\/strong> J\u00fcrgen Grof<br> <strong>Obmannstellvertreter:<\/strong> Sylvia Sammer<\/p>\n\n\n\n<p><strong>Schriftf\u00fchrer: <\/strong>Roland Szeyer<br>\n<strong>Schriftf\u00fchrerstellvertreterin:<\/strong> Anna Stranzl<\/p>\n\n\n\n<p><strong>Kassier:<\/strong> Johann Peischl<br>\n<strong>Kassierstellvertreter:<\/strong> Robert Antoni<\/p>\n\n\n\n<p><strong>Kassapr\u00fcfung:<\/strong><br>\nPauline Vukics<br>\nLaura Ascher<\/p>\n","protected":false},"excerpt":{"rendered":"<p>&nbsp; Obmann: J\u00fcrgen Grof Obmannstellvertreter: Sylvia Sammer Schriftf\u00fchrer: Roland Szeyer Schriftf\u00fchrerstellvertreterin: Anna Stranzl Kassier: Johann Peischl Kassierstellvertreter: Robert Antoni Kassapr\u00fcfung: Pauline Vukics Laura Ascher<\/p>\n","protected":false},"author":1,"featured_media":0,"parent":0,"menu_order":0,"comment_status":"closed","ping_status":"open","template":"","meta":{"footnotes":""},"class_list":["post-21","page","type-page","status-publish","hentry"],"_links":{"self":[{"href":"https:\/\/www.borg-gs.at\/Absolvent\/wp-json\/wp\/v2\/pages\/21","targetHints":{"allow":["GET"]}}],"collection":[{"href":"https:\/\/www.borg-gs.at\/Absolvent\/wp-json\/wp\/v2\/pages"}],"about":[{"href":"https:\/\/www.borg-gs.at\/Absolvent\/wp-json\/wp\/v2\/types\/page"}],"author":[{"embeddable":true,"href":"https:\/\/www.borg-gs.at\/Absolvent\/wp-json\/wp\/v2\/users\/1"}],"replies":[{"embeddable":true,"href":"https:\/\/www.borg-gs.at\/Absolvent\/wp-json\/wp\/v2\/comments?post=21"}],"version-history":[{"count":14,"href":"https:\/\/www.borg-gs.at\/Absolvent\/wp-json\/wp\/v2\/pages\/21\/revisions"}],"predecessor-version":[{"id":204,"href":"https:\/\/www.borg-gs.at\/Absolvent\/wp-json\/wp\/v2\/pages\/21\/revisions\/204"}],"wp:attachment":[{"href":"https:\/\/www.borg-gs.at\/Absolvent\/wp-json\/wp\/v2\/media?parent=21"}],"curies":[{"name":"wp","href":"https:\/\/api.w.org\/{rel}","templated":true}]}}